culate the remainder when b(3) is divided by 4.
2
Suppose o - 5*p - 382 = 0, 4*o - 2*p - 772 = 2*o. Let z = o - 379. Suppose 13 = -0*u + u. What is the remainder when u is divided by z?
5
Let t = -3694 - -3938. What is the remainder when 976 is divided by t?
0
Let l(r) = -172*r + 7018. Calculate the remainder when l(34) is divided by 105.
15
Calculate the remainder when 75/(-27) + 3 + 61418/963 is divided by 28.
8
Suppose -15 = k - 80. Suppose 149 - 215 = -6*h. Calculate the remainder when k is divided by h.
10
Suppose -3*p - 707 = -10*p. Let m = p + 4. What is the remainder when m is divided by 51?
3
Suppose -m + 0*m + 50 = 0. Suppose -3*h - 141 = -2*r, -h = -r + 6*r - 378. Let v = r - m. What is the remainder when v is divided by 4?
1
Let a(d) = -d**3 + 18*d**2 - 17*d + 10. Suppose -5*b + 10*b = 5*i + 1395, 5*b - 3*i = 1393. What is the remainder when b is divided by a(17)?
8
Let z = 58 - -34. Calculate the remainder when 176 is divided by 2*(-1150)/z*22/(-10).
11
Let z = -156 - -87. Suppose -9*n - 249 = -12*n. Let x = z + n. What is the remainder when 50 is divided by x?
8
Suppose -16*o - 7215 = -143*o - 992. Calculate the remainder when 3968 is divided by o.
48
Suppose -48*x - 2*x + 478558 = -13*x. Calculate the remainder when x is divided by 8.
6
Let n(k) = -82*k**2 + 1229*k + 17. Calculate the remainder when 251 is divided by n(15).
1
Calculate the remainder when 674 is divided by (-30634)/(-374) - 80/88.
26
Suppose 127*x + 2*x - 10360 = -130*x. What is the remainder when x is divided by (-72)/(-3) - (1 - -2)?
19
Suppose -893*d + 440*d + 442*d = -5577. What is the remainder when d is divided by 98?
17
Let t(m) = -26*m**2 - 1804*m - 19. Calculate the remainder when 2015 is divided by t(-69).
2
What is the remainder when 24 is divided by 1/(498/(-42) + 12)?
3
Let x(u) = -2*u**2 + 4*u. Let y be x(2). Suppose -v - 3*w - 6 = y, 11 = -2*v - 3*w + 8. What is the remainder when 24 is divided by v?
0
Let w = 655 + -586. Calculate the remainder when w is divided by 9.
6
Suppose -3*y + 14*y - 11 = 0. What is the remainder when 307 is divided by (60/45)/(1/21*y)?
27
Suppose 7*m - 353 = 109. Calculate the remainder when -3*2/m - 3656/(-44) is divided by (-61)/(-9) + (-2)/(-9).
6
Let s be (-52 + -126)/((-6)/4 + 1). Suppose -12 = c - s. What is the remainder when c is divided by 69?
68
Suppose 5*t + 395 + 21 = j, 2*t = 4*j - 1754. What is the remainder when j is divided by 32?
25
Let m = -288 + 348. Suppose 10*f - 5*q = 5*f + m, -4*f + 45 = -5*q. Calculate the remainder when (-52)/1*(0 + -1) is divided by f.
7
Suppose -13*j + 8 = -9*j, -2*j = -4*y + 4. Suppose 2*w = p - y*p + 39, -w = -2*p + 103. Let z = -81 + 226. What is the remainder when z is divided by p?
47
Suppose -34*w + 30*w + 4*o = -468, 0 = -2*w - 2*o + 206. Suppose -q - 6*b + 5*b = -23, -5*b = -4*q + 137. What is the remainder when w is divided by q?
26
Let d = 39 - 22. Let t be 1/(2 - 1) - 100/25. What is the remainder when t/(-12) + (-454)/(-8) + -1 is divided by d?
5
Let i be (8/6)/(1 - 303/306). Let q = i + -119. Let t = -56 - -136. Calculate the remainder when t is divided by q.
12
Let r(b) = 11*b - 52. Suppose 16*v = -13*v + 580. What is the remainder when r(19) is divided by v?
17
Suppose 4503 + 4438 = 13*w - 5957. Calculate the remainder when w is divided by 88.
2
Let i(f) = f**3 + f**2 + f - 39. Suppose -6*c + 7*c = 0. Let l be i(c). Let y = 4 - l. What is the remainder when y is divided by 9?
7
Let v = 2105 - 2097. Suppose 0 = -2*d + 4*b + 178, 0*d - 2*b + 227 = 3*d. Calculate the remainder when d is divided by ((-256)/72)/v + (-942)/(-54).
11
Suppose -5*a + 14 = 3*f, -7 = -8*f + 7*f - 4*a. Suppose -7*q + 5*y = -f*q - 757, 2*q - 356 = -2*y. What is the remainder when q is divided by 17?
13
Let q(m) = -2*m**3 + 81*m**2 + 42*m + 312. What is the remainder when q(41) is divided by 193?
160
Suppose 0 = -13*d + 4*d. Suppose j - c - 30 = d, 4*c + 126 = 4*j + 3*c. What is the remainder when j is divided by 18?
14
Suppose -x + 0*x - 7329 + 7330 = 0. What is the remainder when 398 is divided by x?
0
Suppose -26*y + 14*y = 0. Suppose y = -0*w + 3*w - 51. What is the remainder when 43 is divided by w?
9
Let x = -108 + 140. Let g(r) be the second derivative of r**4/3 + 11*r**3/6 + 7*r**2/2 + r. Calculate the remainder when g(-7) is divided by x.
30
Suppose -25 = -5*s - 3*b, -21 = 5*s - 3*s - 5*b. Suppose -3*t = 337 + 473. Calculate the remainder when (-2)/(-7) + t/(-35) is divided by s.
0
Let g(v) = -v**3 - 9*v**2 + 14*v - 27. Let d be g(-12). Let i = 299 - d. Calculate the remainder when 308 is divided by i.
60
Let l(k) = -k**3 + 49*k**2 + 7*k - 323. Calculate the remainder when 57 is divided by l(49).
17
Suppose 220 = -13*u + 1299. Calculate the remainder when u is divided by 42.
41
Let q(b) be the second derivative of -b**5/20 - b**4/12 + b**3/3 + 14*b**2 - 2*b - 28. What is the remainder when 166 is divided by q(0)?
26
Let k = 21952 + -16528. What is the remainder when k is divided by 9?
6
Suppose -134 = 4*y - 0*o + 3*o, -3*y = -3*o + 90. Let p = -78 + 52. Let v = p - y. What is the remainder when 41 is divided by v?
5
Suppose 3*m + 107 = 449*i - 445*i, m = -5. Calculate the remainder when 770 is divided by i.
11
Suppose 23*a + 10741 + 3243 = 0. Let m = 657 + a. Calculate the remainder when m is divided by 13.
10
Let z be (-4)/(-18) - (-2144)/72. Let h = 33 - z. Suppose h*f - 34 = 2*f. What is the remainder when 133 is divided by f?
31
Suppose 0 = 4*k, -5*c + 7*k + 159 = 2*k - 371. Calculate the remainder when c is divided by 66.
40
Suppose c - 2*y = 5*c - 8, c = 4*y + 2. Let f = 108 + -58. Suppose c*k + 8*k = f. What is the remainder when 42 is divided by k?
2
Suppose 483 = p + 6*p - 1169. What is the remainder when 506 is divided by p?
34
Suppose 0 = h - s - 10509, 41*h + 3*s = 46*h - 52541. What is the remainder when h is divided by 142?
141
Let c = -3135 + 3162. Calculate the remainder when 92 is divided by c.
11
Suppose 0 = b - 3*b + 14. Let z be -1 - 0 - 1 - (-3 + -2). Suppose -b*m + 164 = -z*m. What is the remainder when m is divided by 11?
8
Let f(g) be the third derivative of g**5/60 - 7*g**4/12 - 23*g**3/2 - 54*g**2. Calculate the remainder when 144 is divided by f(20).
42
Let s(c) = 5*c**2 + 0*c**3 - c**3 - 5*c + 3*c**2. What is the remainder when s(6) is divided by 1666/196 - ((-12)/8 + 1)?
6
Let h = -8671 - -8855. What is the remainder when h is divided by 148?
36
Let r(m) = 2*m**2 - 4204*m + 108014. Let z = 19 - 7. Suppose 3*s - 68 = -5*f, 4*s - z - 57 = -5*f. What is the remainder when r(26) is divided by f?
10
Let g = 43 - 37. Let v(x) = 2*x**2 + 97*x - 21. Calculate the remainder when v(-49) is divided by g.
4
Suppose -860 = -2*v + 2*n, 305 = v - 5*n - 117. What is the remainder when v is divided by 123/4 + (-91)/(-364)?
29
Let v = 4608 + -4580. Suppose -g = g - 558. Calculate the remainder when g is divided by v.
27
Suppose -5*z + 15 = -2*z, -2*f = -2*z + 36. Calculate the remainder when 447 is divided by f/(39/(-210)) + (6 - 1).
72
Suppose -4896 + 4244 = -18*v + 10796. Calculate the remainder when v is divided by 303.
30
Let j(k) = k**3 + k**2 + 22. Let a = -421 - -178. Let q = -200 - a. Calculate the remainder when q is divided by j(0).
21
Suppose -4*v + r + 110 = 0, 3*v - 3*r + 21 = 4*v. What is the remainder when v is divided by -138 - -107 - (-42 + -3)?
13
Suppose -2*f + 2308 = 2*v, -15*v + 13*v + 5752 = 5*f. Calculate the remainder when f is divided by 10.
8
Let z = 395 + -391. What is the remainder when ((-3)/(-9))/(6*z/7128) is divided by 41?
17
What is the remainder when 191 is divided by 1*14 - (-24 - (-4 - 26))?
7
Suppose -2544 = 44*w + 18268. Let j = w + 477. Calculate the remainder when 44 is divided by j.
0
Let h = -195 - -1017. Let x = 897 - h. Calculate the remainder when x is divided by 14.
5
Let w = 203 + -109. Let y(u) = -u**2 - 21*u + 212. What is the remainder when w is divided by y(-28)?
14
Let g(c) = -c - 14. Let l be g(-16). Suppose -n - 3*h - 4 = l, 5*h + 24 = 3*n. What is the remainder when (20/(-25))/((-1 + 3)/(-40)) is divided by n?
1
Let w(t) = 2*t**2 - 12*t + 2. Let f be (-48)/(-12) + 16 + -2. Suppose 7*b + f = 46. Calculate the remainder when w(8) is divided by b.
2
Suppose 7*s + z = 4*s + 13, 0 = 4*s - 2*z - 4. Suppose -9 = -3*x + s*o